{"id":20,"date":"2022-09-17T11:56:30","date_gmt":"2022-09-17T16:56:30","guid":{"rendered":"http:\/\/ve2cuy.com\/stages420\/?page_id=20"},"modified":"2022-09-17T11:56:30","modified_gmt":"2022-09-17T16:56:30","slug":"evaluation","status":"publish","type":"page","link":"https:\/\/stages.techinfo-cstj.ca\/?page_id=20","title":{"rendered":":: \u00c9valuation"},"content":{"rendered":"\n<h1 class=\"wp-block-heading\">\u00c9valuation du stage<mark style=\"background-color:rgba(0, 0, 0, 0)\" class=\"has-inline-color has-vivid-red-color\"> <\/mark><mark style=\"background-color:rgba(0, 0, 0, 0)\" class=\"has-inline-color has-vivid-cyan-blue-color\">::<\/mark><mark style=\"background-color:rgba(0, 0, 0, 0)\" class=\"has-inline-color has-vivid-red-color\"> grille pr\u00e9liminaire<\/mark><\/h1>\n\n\n\n<ul class=\"wp-block-list\"><li>0 % \u2013 Journal de bord<\/li><li>0 % \u2013 Projet de stage<\/li><li>0 % \u2013 Rapport de stage<\/li><li>0 % \u2013 Pr\u00e9sentation du rapport de stage (<strong><mark style=\"background-color:rgba(0, 0, 0, 0)\" class=\"has-inline-color has-luminous-vivid-orange-color\">deux \u00e9tapes<\/mark><\/strong>)<\/li><li>0 % \u2013 Prestation lors du stage<\/li><\/ul>\n\n\n\n<hr class=\"wp-block-separator has-alpha-channel-opacity\"\/>\n\n\n\n<h2 class=\"has-luminous-vivid-orange-color has-text-color wp-block-heading\"><strong>0 %  :: Journal de bord<\/strong><\/h2>\n\n\n\n<p>Pendant le stage, vous allez r\u00e9diger, \u00e0 chaque jour,&nbsp; un journal de bord des t\u00e2ches que vous effectuez,&nbsp; des difficult\u00e9s rencontr\u00e9es et des strat\u00e9gies utilis\u00e9es pour les surmonter.<\/p>\n\n\n\n<p>Le journal de bord&nbsp;vous servira, \u00e0 la fin du stage, d\u2019aide m\u00e9moire \u00e0 la r\u00e9daction du rapport de stage.<\/p>\n\n\n\n<p>La table des mati\u00e8res de ce document est disponible dans le&nbsp;cahier de stage.<\/p>\n\n\n\n<hr class=\"wp-block-separator has-alpha-channel-opacity\"\/>\n\n\n\n<h2 class=\"has-vivid-cyan-blue-color has-text-color wp-block-heading\"><strong>0 % :: Projet de stage<\/strong><\/h2>\n\n\n\n<p>Pendant les deux premi\u00e8res semaines de stage, vous recueillez des informations sur l\u2019entreprise ainsi que sur les t\u00e2ches qu\u2019on va vous demander d\u2019effectuer pendant votre stage et vous r\u00e9digez le \u2018Projet de stage\u2019.<\/p>\n\n\n\n<p>La table des mati\u00e8res de ce document est disponible dans le&nbsp;cahier de stage.<\/p>\n\n\n\n<p>Date de remise&nbsp;: le &nbsp;vendredi de la semaine 2 du stage, 16h00.&nbsp; Vous envoyez une copie \u00e9lectronique de votre projet (format Word ou PDF) \u00e0 votre responsable c\u00e9gep.<\/p>\n\n\n\n<p>Le nom de votre responsable c\u00e9gep sera affich\u00e9 sur le site du cours stage dans les prochains jours.<\/p>\n\n\n\n<hr class=\"wp-block-separator has-alpha-channel-opacity\"\/>\n\n\n\n<h2 class=\"has-vivid-purple-color has-text-color wp-block-heading\"><strong>0 % :: Rapport de stage<\/strong><\/h2>\n\n\n\n<p>\u00c0 l\u2019aide de votre journal de bord, vous devez r\u00e9diger un&nbsp;rapport de votre stage.<\/p>\n\n\n\n<p>La table des mati\u00e8res de ce document est disponible dans le&nbsp;cahier de stage.<\/p>\n\n\n\n<p>Date de remise : le vendredi suivant &nbsp;la derni\u00e8re semaine du stage, 16h00.&nbsp; Vous envoyez une copie \u00e9lectronique de votre projet (format Word ou PDF) \u00e0 votre responsable c\u00e9gep.<\/p>\n\n\n\n<hr class=\"wp-block-separator has-alpha-channel-opacity\"\/>\n\n\n\n<h2 class=\"has-vivid-green-cyan-color has-text-color wp-block-heading\"><strong>0 % :: Pr\u00e9sentation de votre rapport de stage<\/strong>.<\/h2>\n\n\n\n<p>Le vendredi suivant la derni\u00e8re semaine du stage, vous pr\u00e9sentez (powerpoint), un compte rendu de votre stage.<\/p>\n\n\n\n<p>La table des mati\u00e8res de la pr\u00e9sentation est disponible dans le&nbsp;cahier de stage.<\/p>\n\n\n\n<p>IMPORTANT, avant de prendre des photos, des captures d\u2019\u00e9crans des projets, ou autre mat\u00e9riel pour votre pr\u00e9sentation,&nbsp;IL FAUT DEMANDER LA PERMISSION&nbsp;\u00e0 l\u2019entreprise.<\/p>\n\n\n\n<p>Souvent, les projets sont confidentiels et vous n\u2019\u00eates pas, a priori, autoris\u00e9s \u00e0 en parler en public.<\/p>\n\n\n\n<hr class=\"wp-block-separator has-alpha-channel-opacity\"\/>\n\n\n\n<h2 class=\"has-luminous-vivid-amber-color has-text-color wp-block-heading\"><strong>0 % :: Prestation lors du stage<\/strong><\/h2>\n\n\n\n<p>Lors de la derni\u00e8re semaine de votre stage, le responsable c\u00e9gep va fixer la date d\u2019un rendez-vous avec le superviseur en entreprise.<\/p>\n\n\n\n<p>Le savoir \u00eatre et le savoir faire seront \u00e9valu\u00e9s selon les crit\u00e8res du &nbsp;cahier d\u2019\u00e9valuation.<\/p>\n","protected":false},"excerpt":{"rendered":"<p>\u00c9valuation du stage :: grille pr\u00e9liminaire 0 % \u2013 Journal de bord 0 % \u2013 Projet de stage 0 % \u2013 Rapport de stage 0 % \u2013 Pr\u00e9sentation du rapport de stage (deux \u00e9tapes) 0 % \u2013 Prestation lors du stage 0 % :: Journal de bord Pendant le stage, vous allez r\u00e9diger, \u00e0 chaque [&hellip;]<\/p>\n","protected":false},"author":2,"featured_media":0,"parent":0,"menu_order":0,"comment_status":"closed","ping_status":"closed","template":"","meta":{"footnotes":""},"class_list":["post-20","page","type-page","status-publish","hentry"],"_links":{"self":[{"href":"https:\/\/stages.techinfo-cstj.ca\/index.php?rest_route=\/wp\/v2\/pages\/20","targetHints":{"allow":["GET"]}}],"collection":[{"href":"https:\/\/stages.techinfo-cstj.ca\/index.php?rest_route=\/wp\/v2\/pages"}],"about":[{"href":"https:\/\/stages.techinfo-cstj.ca\/index.php?rest_route=\/wp\/v2\/types\/page"}],"author":[{"embeddable":true,"href":"https:\/\/stages.techinfo-cstj.ca\/index.php?rest_route=\/wp\/v2\/users\/2"}],"replies":[{"embeddable":true,"href":"https:\/\/stages.techinfo-cstj.ca\/index.php?rest_route=%2Fwp%2Fv2%2Fcomments&post=20"}],"version-history":[{"count":0,"href":"https:\/\/stages.techinfo-cstj.ca\/index.php?rest_route=\/wp\/v2\/pages\/20\/revisions"}],"wp:attachment":[{"href":"https:\/\/stages.techinfo-cstj.ca\/index.php?rest_route=%2Fwp%2Fv2%2Fmedia&parent=20"}],"curies":[{"name":"wp","href":"https:\/\/api.w.org\/{rel}","templated":true}]}}