{"id":16,"date":"2022-09-17T11:55:28","date_gmt":"2022-09-17T16:55:28","guid":{"rendered":"http:\/\/ve2cuy.com\/stages420\/?page_id=16"},"modified":"2022-09-17T11:55:28","modified_gmt":"2022-09-17T16:55:28","slug":"les-partenaires","status":"publish","type":"page","link":"https:\/\/stages.techinfo-cstj.ca\/?page_id=16","title":{"rendered":":: Les partenaires"},"content":{"rendered":"\n<h2 class=\"has-luminous-vivid-orange-color has-text-color wp-block-heading\">Voici la liste de contacts \u00e0 solliciter pour votre stage<\/h2>\n\n\n\n<p>Vois devez en choisir au moins deux de cette liste et y ajouter deux autres choix d\u00e9coulant d&rsquo;une recherche personnelle.<\/p>\n\n\n\n<figure class=\"wp-block-table is-style-stripes\"><table><thead><tr><th>No<\/th><th class=\"has-text-align-left\" data-align=\"left\">Entreprise<\/th><th class=\"has-text-align-left\" data-align=\"left\">Site web<\/th><th class=\"has-text-align-left\" data-align=\"left\">\u00c9tudiant(e)s<\/th><th class=\"has-text-align-left\" data-align=\"left\">Resp C\u00e9gep<\/th><\/tr><\/thead><tbody><tr><td>1<\/td><td class=\"has-text-align-left\" data-align=\"left\">Hoffman<\/td><td class=\"has-text-align-left\" data-align=\"left\"><a href=\"https:\/\/agencehoffman.com\/carriere\">Agence Hoffman<\/a><br><a href=\"https:\/\/hoffman.bamboohr.com\/jobs\/\">Postes disponibles<\/a><\/td><td class=\"has-text-align-left\" data-align=\"left\"><mark style=\"background-color:rgba(0, 0, 0, 0)\" class=\"has-inline-color has-vivid-purple-color\">\u00c9tudiant 11<\/mark><br><mark style=\"background-color:rgba(0, 0, 0, 0)\" class=\"has-inline-color has-vivid-purple-color\">\u00c9tudiante 99<\/mark><\/td><td class=\"has-text-align-left\" data-align=\"left\"><mark style=\"background-color:rgba(0, 0, 0, 0)\" class=\"has-inline-color has-cyan-bluish-gray-color\">Alain B.<\/mark><\/td><\/tr><tr><td>2<\/td><td class=\"has-text-align-left\" data-align=\"left\">Cam\u00e9l\u00e9on<\/td><td class=\"has-text-align-left\" data-align=\"left\"><a href=\"https:\/\/www.cameleonmedia.com\/fr\/\">cameleonmedia<\/a><br><a href=\"https:\/\/www.cameleonmedia.com\/fr\/nous-joindre\/\">Nous joindre<\/a><\/td><td class=\"has-text-align-left\" data-align=\"left\"><\/td><td class=\"has-text-align-left\" data-align=\"left\"><\/td><\/tr><tr><td>3<\/td><td class=\"has-text-align-left\" data-align=\"left\">Cyber G\u00e9n\u00e9ration<\/td><td class=\"has-text-align-left\" data-align=\"left\"><a href=\"http:\/\/www.cybergeneration.com\/\">Cyber G\u00e9n\u00e9ration<\/a><br><a href=\"mailto:info@cybergeneration.com\">info@cybergeneration.com<\/a><\/td><td class=\"has-text-align-left\" data-align=\"left\"><\/td><td class=\"has-text-align-left\" data-align=\"left\"><\/td><\/tr><tr><td>4<\/td><td class=\"has-text-align-left\" data-align=\"left\">SweetIQ<\/td><td class=\"has-text-align-left\" data-align=\"left\"><a href=\"https:\/\/sweetiq.com\/fr\/a-propos-de-sweetiq\/carrieres\/\">Carri\u00e8res | SweetIQ<\/a><\/td><td class=\"has-text-align-left\" data-align=\"left\"><\/td><td class=\"has-text-align-left\" data-align=\"left\"><\/td><\/tr><tr><td>5<\/td><td class=\"has-text-align-left\" data-align=\"left\">Solutions mobiles<\/td><td class=\"has-text-align-left\" data-align=\"left\"><a href=\"https:\/\/cosmossync.com\/fr\/\">cosmossync.com<\/a><br><a href=\"mailto:carreer@cosmossync.com\">carreer@cosmossync.com<\/a><\/td><td class=\"has-text-align-left\" data-align=\"left\"><\/td><td class=\"has-text-align-left\" data-align=\"left\"><\/td><\/tr><tr><td>6<\/td><td class=\"has-text-align-left\" data-align=\"left\">Mbiance<\/td><td class=\"has-text-align-left\" data-align=\"left\"><a href=\"http:\/\/mbiance.com\">mbiance.com<\/a><br><a href=\"mailto:info@mbiance.com\">info@mbiance.com<\/a><\/td><td class=\"has-text-align-left\" data-align=\"left\"><\/td><td class=\"has-text-align-left\" data-align=\"left\"><\/td><\/tr><tr><td>7<\/td><td class=\"has-text-align-left\" data-align=\"left\">Cloudraker<\/td><td class=\"has-text-align-left\" data-align=\"left\"><a href=\"https:\/\/www.cloudraker.com\/fr\">cloudraker<\/a><br><a href=\"mailto:talent@cloudraker.com\">talent@cloudraker.com<\/a><\/td><td class=\"has-text-align-left\" data-align=\"left\"><\/td><td class=\"has-text-align-left\" data-align=\"left\"><\/td><\/tr><tr><td>8<\/td><td class=\"has-text-align-left\" data-align=\"left\">Avanti<\/td><td class=\"has-text-align-left\" data-align=\"left\"><a href=\"https:\/\/avantigroupe.com\">avantigroupe<\/a><br><a rel=\"noreferrer noopener\" href=\"mailto:info@avantigroupe.com\" target=\"_blank\">info@avantigroupe.com<\/a><\/td><td class=\"has-text-align-left\" data-align=\"left\"><\/td><td class=\"has-text-align-left\" data-align=\"left\"><\/td><\/tr><tr><td>9<\/td><td class=\"has-text-align-left\" data-align=\"left\">Turbulent<\/td><td class=\"has-text-align-left\" data-align=\"left\"><a href=\"https:\/\/turbulent.ca\/fr\/\">turbulent<\/a><br><a href=\"mailto:info@turbulent.ca\">info@turbulent.ca<\/a><br><a href=\"https:\/\/turbulent.ca\/fr\/carrieres\/\">Carrieres<\/a><\/td><td class=\"has-text-align-left\" data-align=\"left\"><\/td><td class=\"has-text-align-left\" data-align=\"left\"><\/td><\/tr><tr><td>10<\/td><td class=\"has-text-align-left\" data-align=\"left\">Parro Info<\/td><td class=\"has-text-align-left\" data-align=\"left\"><a href=\"https:\/\/www.parroinfo.com\/contact.html\">parroinfo<\/a><\/td><td class=\"has-text-align-left\" data-align=\"left\"><\/td><td class=\"has-text-align-left\" data-align=\"left\"><\/td><\/tr><tr><td>11<\/td><td class=\"has-text-align-left\" data-align=\"left\">Akufen<\/td><td class=\"has-text-align-left\" data-align=\"left\"><a href=\"https:\/\/www.akufen.ca\">akufen<\/a><\/td><td class=\"has-text-align-left\" data-align=\"left\"><\/td><td class=\"has-text-align-left\" data-align=\"left\"><\/td><\/tr><tr><td>12<\/td><td class=\"has-text-align-left\" data-align=\"left\">Logient<\/td><td class=\"has-text-align-left\" data-align=\"left\"><a href=\"https:\/\/logient.com\/fr\/contact\/\">logient<\/a><\/td><td class=\"has-text-align-left\" data-align=\"left\"><\/td><td class=\"has-text-align-left\" data-align=\"left\"><\/td><\/tr><tr><td>13<\/td><td class=\"has-text-align-left\" data-align=\"left\">Agence Hoffman<\/td><td class=\"has-text-align-left\" data-align=\"left\"><a href=\"https:\/\/agencehoffman.com\/carriere\">agencehoffman<\/a><\/td><td class=\"has-text-align-left\" data-align=\"left\"><\/td><td class=\"has-text-align-left\" data-align=\"left\"><\/td><\/tr><tr><td>14<\/td><td class=\"has-text-align-left\" data-align=\"left\">Deux huit huit<\/td><td class=\"has-text-align-left\" data-align=\"left\"><a href=\"https:\/\/beta.deuxhuithuit.com\/fr\">deuxhuithuit<\/a><\/td><td class=\"has-text-align-left\" data-align=\"left\"><\/td><td class=\"has-text-align-left\" data-align=\"left\"><\/td><\/tr><tr><td>15<\/td><td class=\"has-text-align-left\" data-align=\"left\">Programaction<\/td><td class=\"has-text-align-left\" data-align=\"left\"><a href=\"https:\/\/programaction.com\">programaction<\/a><\/td><td class=\"has-text-align-left\" data-align=\"left\"><\/td><td class=\"has-text-align-left\" data-align=\"left\"><\/td><\/tr><tr><td>16<\/td><td class=\"has-text-align-left\" data-align=\"left\">Ardoise design<\/td><td class=\"has-text-align-left\" data-align=\"left\"><a href=\"http:\/\/www.ardoise.design\">ardoise.design<\/a><\/td><td class=\"has-text-align-left\" data-align=\"left\"><\/td><td class=\"has-text-align-left\" data-align=\"left\"><\/td><\/tr><tr><td>17<\/td><td class=\"has-text-align-left\" data-align=\"left\">SNC Lavalin<\/td><td class=\"has-text-align-left\" data-align=\"left\"><a href=\"https:\/\/careers.snclavalin.com\/fr\/\">careers.snclavalin.com<\/a><\/td><td class=\"has-text-align-left\" data-align=\"left\"><\/td><td class=\"has-text-align-left\" data-align=\"left\"><\/td><\/tr><tr><td>18<\/td><td class=\"has-text-align-left\" data-align=\"left\">Nivii<\/td><td class=\"has-text-align-left\" data-align=\"left\"><a href=\"https:\/\/www.nivii.com\/agence\/carrieres\/\">nivii &#8211; carrieres<\/a><\/td><td class=\"has-text-align-left\" data-align=\"left\"><\/td><td class=\"has-text-align-left\" data-align=\"left\"><\/td><\/tr><tr><td>19<\/td><td class=\"has-text-align-left\" data-align=\"left\">Ville&nbsp;de&nbsp;Blainville<\/td><td class=\"has-text-align-left\" data-align=\"left\"><a href=\"https:\/\/blainville.ca\/ville\/administration-municipale\/emplois\">Blainville &#8211; emplois<\/a><\/td><td class=\"has-text-align-left\" data-align=\"left\"><\/td><td class=\"has-text-align-left\" data-align=\"left\"><\/td><\/tr><tr><td>20<\/td><td class=\"has-text-align-left\" data-align=\"left\">Codems<\/td><td class=\"has-text-align-left\" data-align=\"left\"><a href=\"https:\/\/codems.ca\/carrieres\/\">Codems &#8211; carrieres<\/a><\/td><td class=\"has-text-align-left\" data-align=\"left\"><\/td><td class=\"has-text-align-left\" data-align=\"left\"><\/td><\/tr><tr><td>21<\/td><td class=\"has-text-align-left\" data-align=\"left\">Bell<\/td><td class=\"has-text-align-left\" data-align=\"left\"><a href=\"https:\/\/jobs.bell.ca\/ca\/fr\/c\/\u00e9tudiants-dipl\u00f4m\u00e9s-jobs\">Stages chez Bell<\/a><br>stephane.cote@bell.ca<br>600&nbsp;rue&nbsp;Jean-Talon&nbsp;est<\/td><td class=\"has-text-align-left\" data-align=\"left\"><\/td><td class=\"has-text-align-left\" data-align=\"left\"><\/td><\/tr><tr><td>22<\/td><td class=\"has-text-align-left\" data-align=\"left\">Edelman<\/td><td class=\"has-text-align-left\" data-align=\"left\"><a href=\"https:\/\/www.edelman.ca\/fr\/nous-joindre\">Edelman &#8211; nous-joindre<\/a><\/td><td class=\"has-text-align-left\" data-align=\"left\"><\/td><td class=\"has-text-align-left\" data-align=\"left\"><\/td><\/tr><tr><td>23<\/td><td class=\"has-text-align-left\" data-align=\"left\">Stingray<\/td><td class=\"has-text-align-left\" data-align=\"left\"><a href=\"https:\/\/www.stingray.com\">Stingray<\/a><\/td><td class=\"has-text-align-left\" data-align=\"left\"><\/td><td class=\"has-text-align-left\" data-align=\"left\"><\/td><\/tr><tr><td>24<\/td><td class=\"has-text-align-left\" data-align=\"left\">Par Design<\/td><td class=\"has-text-align-left\" data-align=\"left\"><a href=\"https:\/\/pardesign.net\/emplois\/\">Par Design &#8211; emplois<\/a><\/td><td class=\"has-text-align-left\" data-align=\"left\"><\/td><td class=\"has-text-align-left\" data-align=\"left\"><\/td><\/tr><tr><td>25<\/td><td class=\"has-text-align-left\" data-align=\"left\">Version 10<\/td><td class=\"has-text-align-left\" data-align=\"left\"><a href=\"https:\/\/www.version10.ca\">Version10.ca<\/a><\/td><td class=\"has-text-align-left\" data-align=\"left\"><\/td><td class=\"has-text-align-left\" data-align=\"left\"><\/td><\/tr><tr><td>26<\/td><td class=\"has-text-align-left\" data-align=\"left\">Absolunet<\/td><td class=\"has-text-align-left\" data-align=\"left\"><a href=\"https:\/\/www.absolunet.com\/fr\/carrieres\">Absolunet &#8211; carrieres<\/a><\/td><td class=\"has-text-align-left\" data-align=\"left\"><\/td><td class=\"has-text-align-left\" data-align=\"left\"><\/td><\/tr><tr><td>27<\/td><td class=\"has-text-align-left\" data-align=\"left\">Openmind<\/td><td class=\"has-text-align-left\" data-align=\"left\"><a href=\"https:\/\/carrieres.openmindt.com\">Openmindt &#8211; carrieres<\/a><br><a href=\"https:\/\/stages.techinfo-cstj.ca\/wp-content\/uploads\/2022\/09\/openmind-Offre-de-stage-DEV.pdf\"><mark style=\"background-color:rgba(0, 0, 0, 0)\" class=\"has-inline-color has-vivid-purple-color\"><strong>Stage 1<\/strong><\/mark><\/a>, <a href=\"https:\/\/stages.techinfo-cstj.ca\/wp-content\/uploads\/2022\/09\/openmind-Offre-de-stage-MSP.pdf\"><mark style=\"background-color:rgba(0, 0, 0, 0)\" class=\"has-inline-color has-vivid-purple-color\"><strong>Stage 2<\/strong><\/mark><\/a><\/td><td class=\"has-text-align-left\" data-align=\"left\"><\/td><td class=\"has-text-align-left\" data-align=\"left\"><\/td><\/tr><tr><td>28<\/td><td class=\"has-text-align-left\" data-align=\"left\">Gameloft<\/td><td class=\"has-text-align-left\" data-align=\"left\"><a href=\"https:\/\/www.gameloft.com\/corporate\/fr\/jobs\/apply\">Gameloft &#8211; carrieres<\/a><\/td><td class=\"has-text-align-left\" data-align=\"left\"><\/td><td class=\"has-text-align-left\" data-align=\"left\"><\/td><\/tr><tr><td>29<\/td><td class=\"has-text-align-left\" data-align=\"left\">Red Barrels games<\/td><td class=\"has-text-align-left\" data-align=\"left\"><a href=\"https:\/\/redbarrelsgames.com\/about\/\">Redbarrelsgames<\/a><\/td><td class=\"has-text-align-left\" data-align=\"left\"><\/td><td class=\"has-text-align-left\" data-align=\"left\"><\/td><\/tr><tr><td>30<\/td><td class=\"has-text-align-left\" data-align=\"left\">Agence minimal<\/td><td class=\"has-text-align-left\" data-align=\"left\"><a href=\"https:\/\/www.agenceminimal.com\">Agenceminimal<\/a><\/td><td class=\"has-text-align-left\" data-align=\"left\"><\/td><td class=\"has-text-align-left\" data-align=\"left\"><\/td><\/tr><tr><td>31<\/td><td class=\"has-text-align-left\" data-align=\"left\">Parkour3<\/td><td class=\"has-text-align-left\" data-align=\"left\"><a href=\"https:\/\/www.parkour3.com\/fr\/\">Parkour3<\/a><\/td><td class=\"has-text-align-left\" data-align=\"left\"><\/td><td class=\"has-text-align-left\" data-align=\"left\"><\/td><\/tr><tr><td>32<\/td><td class=\"has-text-align-left\" data-align=\"left\">Sant\u00e9 Laurentides<\/td><td class=\"has-text-align-left\" data-align=\"left\"><a href=\"https:\/\/www.santelaurentides.gouv.qc.ca\n\">santelaurentides.gouv.qc.ca<br><\/a><a rel=\"noreferrer noopener\" href=\"mailto:yves.villeneuve.drilll@ssss.gouv.qc.ca\" target=\"_blank\">yves.villeneuve.drilll@ssss.gouv.qc.ca<\/a><br><\/td><td class=\"has-text-align-left\" data-align=\"left\"><\/td><td class=\"has-text-align-left\" data-align=\"left\"><\/td><\/tr><tr><td>33<\/td><td class=\"has-text-align-left\" data-align=\"left\">Med Future<\/td><td class=\"has-text-align-left\" data-align=\"left\"><a href=\"https:\/\/medfuture.ca\n\">Medfuture.ca<br><\/a><a rel=\"noreferrer noopener\" href=\"mailto:mrobert@medfuture.ca\" target=\"_blank\">mrobert@medfuture.ca<\/a><\/td><td class=\"has-text-align-left\" data-align=\"left\"><\/td><td class=\"has-text-align-left\" data-align=\"left\"><\/td><\/tr><tr><td>34<\/td><td class=\"has-text-align-left\" data-align=\"left\">Desjardins<\/td><td class=\"has-text-align-left\" data-align=\"left\"><a href=\"mailto:mirellie.leblanc@desjardins.com\">mirellie.leblanc@desjardins.com<\/a><br><a href=\"mailto:marie-claude.poirier@desjardins.com\">marie-claude.poirier@desjardins.com<\/a><\/td><td class=\"has-text-align-left\" data-align=\"left\"><\/td><td class=\"has-text-align-left\" data-align=\"left\"><\/td><\/tr><tr><td>35<\/td><td class=\"has-text-align-left\" data-align=\"left\">Regulvar<\/td><td class=\"has-text-align-left\" data-align=\"left\"><a href=\"mailto:cfortin@regulvar.com\">cfortin@regulvar.com<\/a><\/td><td class=\"has-text-align-left\" data-align=\"left\"><\/td><td class=\"has-text-align-left\" data-align=\"left\"><\/td><\/tr><tr><td>36<\/td><td class=\"has-text-align-left\" data-align=\"left\">Vieweb<\/td><td class=\"has-text-align-left\" data-align=\"left\"><a href=\"mailto:frederic@viweb.ca\">frederic@viweb.ca<\/a><\/td><td class=\"has-text-align-left\" data-align=\"left\"><\/td><td class=\"has-text-align-left\" data-align=\"left\"><\/td><\/tr><tr><td>37<\/td><td class=\"has-text-align-left\" data-align=\"left\">Mediavore<\/td><td class=\"has-text-align-left\" data-align=\"left\"><a href=\"https:\/\/www.mediavore.ca\/fr\/\">Mediavore<\/a><br><a href=\"mailto:steve@mediavore.ca\">steve@mediavore.ca<\/a><\/td><td class=\"has-text-align-left\" data-align=\"left\"><\/td><td class=\"has-text-align-left\" data-align=\"left\"><\/td><\/tr><tr><td>38<\/td><td class=\"has-text-align-left\" data-align=\"left\">IviSolution<\/td><td class=\"has-text-align-left\" data-align=\"left\"><a href=\"https:\/\/www.ivisolutions.ca\n\">Ivisolutions<br><\/a><a href=\"mailto:lcharbonneau@ivisolutions.ca\">lcharbonneau@ivisolutions.ca<\/a><\/td><td class=\"has-text-align-left\" data-align=\"left\"><\/td><td class=\"has-text-align-left\" data-align=\"left\"><\/td><\/tr><tr><td>39<\/td><td class=\"has-text-align-left\" data-align=\"left\">NewEra Systems<\/td><td class=\"has-text-align-left\" data-align=\"left\"><a href=\"https:\/\/newera.systems\n\">newera.systems<br><\/a><a href=\"mailto:francois.trachy@newera.systems\">francois.trachy@newera.systems<\/a><\/td><td class=\"has-text-align-left\" data-align=\"left\"><\/td><td class=\"has-text-align-left\" data-align=\"left\"><\/td><\/tr><tr><td>40<\/td><td class=\"has-text-align-left\" data-align=\"left\">EFS Solution sant\u00e9<\/td><td class=\"has-text-align-left\" data-align=\"left\"><a href=\"http:\/\/efssolutionssante.com\">efssolutionssante<\/a><br><a href=\"mailto:nlemire@efssolutionssante.com\">nlemire@efssolutionssante.com<\/a> <br>Nicolas Lemire<\/td><td class=\"has-text-align-left\" data-align=\"left\"><\/td><td class=\"has-text-align-left\" data-align=\"left\"><\/td><\/tr><tr><td>41<\/td><td class=\"has-text-align-left\" data-align=\"left\">NovoLogik<\/td><td class=\"has-text-align-left\" data-align=\"left\"><a href=\"https:\/\/www.novologik.com\/fr\">novologik<\/a><br><a href=\"mailto:p.sabourin@novologik.com\">p.sabourin@novologik.com<\/a><\/td><td class=\"has-text-align-left\" data-align=\"left\"><\/td><td class=\"has-text-align-left\" data-align=\"left\"><\/td><\/tr><tr><td>42<\/td><td class=\"has-text-align-left\" data-align=\"left\">metro<\/td><td class=\"has-text-align-left\" data-align=\"left\"><a href=\"https:\/\/metro.ca\n\">metro.ca<br><\/a><a href=\"mailto:raphael.louislemieux@metro.ca\">raphael.louislemieux@metro.ca<\/a><\/td><td class=\"has-text-align-left\" data-align=\"left\"><\/td><td class=\"has-text-align-left\" data-align=\"left\"><\/td><\/tr><tr><td>43<\/td><td class=\"has-text-align-left\" data-align=\"left\">CieNapps<\/td><td class=\"has-text-align-left\" data-align=\"left\"><a href=\"https:\/\/cienapps.com\">cienapps.com<\/a><br><a href=\"mailto:ebourbeau@cienapps.com\">ebourbeau@cienapps.com<\/a><\/td><td class=\"has-text-align-left\" data-align=\"left\"><\/td><td class=\"has-text-align-left\" data-align=\"left\"><\/td><\/tr><tr><td>44<\/td><td class=\"has-text-align-left\" data-align=\"left\">Robotshop.ca<\/td><td class=\"has-text-align-left\" data-align=\"left\"><a href=\"https:\/\/career.robotshop.com\/fr\/\">Robotshop &#8211; carrieres<\/a><\/td><td class=\"has-text-align-left\" data-align=\"left\"><\/td><td class=\"has-text-align-left\" data-align=\"left\"><\/td><\/tr><tr><td>45<\/td><td class=\"has-text-align-left\" data-align=\"left\">Deloitte<\/td><td class=\"has-text-align-left\" data-align=\"left\"><a href=\"mailto:studentscholarship@deloitte.ca\">studentscholarship@deloitte.ca<\/a><\/td><td class=\"has-text-align-left\" data-align=\"left\"><\/td><td class=\"has-text-align-left\" data-align=\"left\"><\/td><\/tr><tr><td>46<\/td><td class=\"has-text-align-left\" data-align=\"left\">SONEPAR CA&nbsp;<\/td><td class=\"has-text-align-left\" data-align=\"left\"><a href=\"https:\/\/soneparcanada.com\/fr\/carrieres\/\n\">Soneparcanada &#8211; carrieres<br><\/a>Savio Fernandes (en anglais) <br>416-452-5894<\/td><td class=\"has-text-align-left\" data-align=\"left\"><\/td><td class=\"has-text-align-left\" data-align=\"left\"><\/td><\/tr><tr><td>47<\/td><td class=\"has-text-align-left\" data-align=\"left\">Groupe CIS<\/td><td class=\"has-text-align-left\" data-align=\"left\"><a href=\"https:\/\/cis-group.com\/carrieres\/\">Groupe CIS &#8211; carrieres<\/a><\/td><td class=\"has-text-align-left\" data-align=\"left\"><\/td><td class=\"has-text-align-left\" data-align=\"left\"><\/td><\/tr><tr><td>48<\/td><td class=\"has-text-align-left\" data-align=\"left\">Radio-Canada<\/td><td class=\"has-text-align-left\" data-align=\"left\"><a href=\"https:\/\/ici.radio-canada.ca\/medias-numeriques\/carrieres\/\">M\u00e9dias num\u00e9riques &#8211; carrieres<\/a>. <br>Benoit Chagnon<\/td><td class=\"has-text-align-left\" data-align=\"left\"><\/td><td class=\"has-text-align-left\" data-align=\"left\"><\/td><\/tr><tr><td>49<\/td><td class=\"has-text-align-left\" data-align=\"left\">Hubelia<\/td><td class=\"has-text-align-left\" data-align=\"left\"><a href=\"https:\/\/www.hubelia.com\/accueil\">Hubelia<\/a><br>@Hub\u00e9lia : Jean-Philippe<\/td><td class=\"has-text-align-left\" data-align=\"left\"><\/td><td class=\"has-text-align-left\" data-align=\"left\"><\/td><\/tr><tr><td>50<\/td><td class=\"has-text-align-left\" data-align=\"left\">Mitacs<\/td><td class=\"has-text-align-left\" data-align=\"left\"><a href=\"https:\/\/discover.mitacs.ca\/open-projects-fr\/?_ga=2.182631584.767197188.1663696193-1611012601.1663178530\">\u00c9tudiant\u00b7es (mitacs.ca)<\/a><\/td><td class=\"has-text-align-left\" data-align=\"left\"><\/td><td class=\"has-text-align-left\" data-align=\"left\"><\/td><\/tr><tr><td>51<\/td><td class=\"has-text-align-left\" data-align=\"left\">SiriusMedx<\/td><td class=\"has-text-align-left\" data-align=\"left\"><a rel=\"noreferrer noopener\" href=\"https:\/\/can01.safelinks.protection.outlook.com\/?url=http%3A%2F%2Fwww.siriusmedx.com%2F&amp;data=05%7C01%7CAboudrea%40cstj.qc.ca%7C26d3ce203900457368fb08da9fc4eb08%7C9819d5288f0348d1afbcc6687c59344c%7C0%7C0%7C637997965348648106%7CUnknown%7CTWFpbGZsb3d8eyJWIjoiMC4wLjAwMDAiLCJQIjoiV2luMzIiLCJBTiI6Ik1haWwiLCJXVCI6Mn0%3D%7C3000%7C%7C%7C&amp;sdata=lfFQV6uV9MEGN6hHOJ9bbpuviTF%2FhEMZ8PjCEOPmDJA%3D&amp;reserved=0\" target=\"_blank\">www.siriusmedx.com<\/a><br><a rel=\"noreferrer noopener\" href=\"mailto:pobelcourt@siriusmed.com\" target=\"_blank\">pobelcourt@siriusmed.com<\/a><br>PHILIPPE-OLIVIER BELCOURT<\/td><td class=\"has-text-align-left\" data-align=\"left\"><\/td><td class=\"has-text-align-left\" data-align=\"left\"><\/td><\/tr><tr><td>52<\/td><td class=\"has-text-align-left\" data-align=\"left\">dialoginsight<\/td><td class=\"has-text-align-left\" data-align=\"left\"><a href=\"https:\/\/www.dialoginsight.com\/carrieres-chez-dialog-insight\/\">dialoginsight.com<\/a><a href=\"http:\/\/dialoginsight.com\"><br><\/a>abouchard@dialoginsight.com<br>Audrey Bouchard<\/td><td class=\"has-text-align-left\" data-align=\"left\"><\/td><td class=\"has-text-align-left\" data-align=\"left\"><\/td><\/tr><tr><td>53<\/td><td class=\"has-text-align-left\" data-align=\"left\">Okiok<\/td><td class=\"has-text-align-left\" data-align=\"left\"><a href=\"https:\/\/www.okiok.com\/fr\/cybersecurite-a-propos\/carrieres\/\">www.okiok.com &#8211; carrieres<\/a><br><a href=\"https:\/\/stages.techinfo-cstj.ca\/wp-content\/uploads\/2022\/09\/okiok-Stage-developpeur-2022.pdf\" data-type=\"attachment\" data-id=\"216\">Description du stage<\/a> (cybers\u00e9curit\u00e9)<br>fgodin@okiok.com<br>Fatima Godin<\/td><td class=\"has-text-align-left\" data-align=\"left\"><\/td><td class=\"has-text-align-left\" data-align=\"left\"><\/td><\/tr><tr><td><\/td><td class=\"has-text-align-left\" data-align=\"left\"><\/td><td class=\"has-text-align-left\" data-align=\"left\"><\/td><td class=\"has-text-align-left\" data-align=\"left\"><\/td><td class=\"has-text-align-left\" data-align=\"left\"><\/td><\/tr><\/tbody><\/table><\/figure>\n","protected":false},"excerpt":{"rendered":"<p>Voici la liste de contacts \u00e0 solliciter pour votre stage Vois devez en choisir au moins deux de cette liste et y ajouter deux autres choix d\u00e9coulant d&rsquo;une recherche personnelle. No Entreprise Site web \u00c9tudiant(e)s Resp C\u00e9gep 1 Hoffman Agence HoffmanPostes disponibles \u00c9tudiant 11\u00c9tudiante 99 Alain B. 2 Cam\u00e9l\u00e9on cameleonmediaNous joindre 3 Cyber G\u00e9n\u00e9ration Cyber [&hellip;]<\/p>\n","protected":false},"author":2,"featured_media":0,"parent":0,"menu_order":0,"comment_status":"closed","ping_status":"closed","template":"","meta":{"footnotes":""},"class_list":["post-16","page","type-page","status-publish","hentry"],"_links":{"self":[{"href":"https:\/\/stages.techinfo-cstj.ca\/index.php?rest_route=\/wp\/v2\/pages\/16","targetHints":{"allow":["GET"]}}],"collection":[{"href":"https:\/\/stages.techinfo-cstj.ca\/index.php?rest_route=\/wp\/v2\/pages"}],"about":[{"href":"https:\/\/stages.techinfo-cstj.ca\/index.php?rest_route=\/wp\/v2\/types\/page"}],"author":[{"embeddable":true,"href":"https:\/\/stages.techinfo-cstj.ca\/index.php?rest_route=\/wp\/v2\/users\/2"}],"replies":[{"embeddable":true,"href":"https:\/\/stages.techinfo-cstj.ca\/index.php?rest_route=%2Fwp%2Fv2%2Fcomments&post=16"}],"version-history":[{"count":0,"href":"https:\/\/stages.techinfo-cstj.ca\/index.php?rest_route=\/wp\/v2\/pages\/16\/revisions"}],"wp:attachment":[{"href":"https:\/\/stages.techinfo-cstj.ca\/index.php?rest_route=%2Fwp%2Fv2%2Fmedia&parent=16"}],"curies":[{"name":"wp","href":"https:\/\/api.w.org\/{rel}","templated":true}]}}